{"id":1038,"date":"2025-04-17T15:45:34","date_gmt":"2025-04-17T13:45:34","guid":{"rendered":"https:\/\/swissdatacommunity.ch\/?post_type=mec-events&#038;p=1038"},"modified":"2025-08-25T10:24:44","modified_gmt":"2025-08-25T08:24:44","slug":"journees-suisses-de-la-statistique-2025","status":"publish","type":"mec-events","link":"https:\/\/swissdatacommunity.ch\/fr\/tous-evenements\/journees-suisses-de-la-statistique-2025\/","title":{"rendered":"Journ\u00e9es Suisses de la Statistique 2025"},"content":{"rendered":"<p><strong>Journ\u00e9es Suisses de la statistique 2025<\/strong><\/p>\n<p><a href=\"https:\/\/stat.ch\/fr\/uuid\/i\/1668655c-aa0f-5b07-a147-049eeea56613-Journ%C3%A9es_Suisses_de_la_statistique_2024\">Les Journ\u00e9es Suisses de la Statistique (JSS)<\/a>\u00a0sont la plus importante rencontre annuelle des statisticiennes et statisticiens en Suisse. Elles servent de lieu d\u2019\u00e9change et de r\u00e9seautage et permettent de discuter des d\u00e9veloppements issus de la recherche, des questions m\u00e9thodologiques et des probl\u00e8mes actuels de la pratique. Destin\u00e9es aux sp\u00e9cialistes dans les domaines de l\u2019enseignement et la recherche, dans l\u2019\u00e9conomie priv\u00e9e et dans le secteur public, elles sont \u00e9galement ouvertes \u00e0 tous. Les JSS ont lieu chaque ann\u00e9e et s\u2019\u00e9tendent en r\u00e8gle g\u00e9n\u00e9rale sur deux ou trois jours, en alternance.<\/p>\n<p>L\u2019<a href=\"https:\/\/stat.ch\/fr\/swiss_statistics_meeting\/schweizer_statistiktage\">inscription<\/a> aux Journ\u00e9es suisse de la statistique 2025 est ouverte jusqu\u2019au <strong>15 septembre 2025<\/strong>.<\/p>\n<div class=\"share-simple-wrapper share_item\"><span class=\"share-label\">Partager<\/span><div class=\"icons\"><a target=\"_blank\" class=\"facebook\" href=\"https:\/\/www.facebook.com\/sharer\/sharer.php?u=https%3A%2F%2Fswissdatacommunity.ch%2Ffr%2Ftous-evenements%2Fjournees-suisses-de-la-statistique-2025%2F\"><i class=\"icon-facebook\" aria-label=\"facebook icon\"><\/i><\/a><a target=\"_blank\" class=\"twitter\" href=\"https:\/\/twitter.com\/intent\/tweet?text=swissdatacommunity.ch.+https%3A%2F%2Fswissdatacommunity.ch%2Ffr%2Ftous-evenements%2Fjournees-suisses-de-la-statistique-2025%2F\"><i class=\"icon-x-twitter\" aria-label=\"x twitter icon\"><\/i><\/a><a target=\"_blank\" class=\"linkedin\" href=\"https:\/\/www.linkedin.com\/shareArticle?mini=true&url=https%3A%2F%2Fswissdatacommunity.ch%2Ffr%2Ftous-evenements%2Fjournees-suisses-de-la-statistique-2025%2F\"><i class=\"icon-linkedin\" aria-label=\"linkedin icon\"><\/i><\/a><a target=\"_blank\" class=\"pinterest\" href=\"https:\/\/pinterest.com\/pin\/find\/?url=https%3A%2F%2Fswissdatacommunity.ch%2Ffr%2Ftous-evenements%2Fjournees-suisses-de-la-statistique-2025%2F\"><i class=\"icon-pinterest\" aria-label=\"pinterest icon\"><\/i><\/a><\/div><\/div>\n","protected":false},"excerpt":{"rendered":"<p>Journ\u00e9es Suisses de la statistique 2025 Les Journ\u00e9es Suisses de la Statistique (JSS)\u00a0sont la plus importante rencontre annuelle des statisticiennes<span class=\"excerpt-hellip\"> [\u2026]<\/span><\/p>\n","protected":false},"author":2,"featured_media":1037,"comment_status":"closed","ping_status":"closed","template":"","tags":[],"mec_category":[],"class_list":["post-1038","mec-events","type-mec-events","status-publish","has-post-thumbnail","hentry"],"yoast_head":"<!-- This site is optimized with the Yoast SEO plugin v27.5 - https:\/\/yoast.com\/product\/yoast-seo-wordpress\/ -->\n<title>Journ\u00e9es Suisses de la Statistique 2025 - swissdatacommunity.ch<\/title>\n<meta name=\"robots\" content=\"index, follow, max-snippet:-1, max-image-preview:large, max-video-preview:-1\" \/>\n<link rel=\"canonical\" href=\"https:\/\/swissdatacommunity.ch\/fr\/tous-evenements\/journees-suisses-de-la-statistique-2025\/\" \/>\n<meta property=\"og:locale\" content=\"fr_FR\" \/>\n<meta property=\"og:type\" content=\"article\" \/>\n<meta property=\"og:title\" content=\"Journ\u00e9es Suisses de la Statistique 2025 - swissdatacommunity.ch\" \/>\n<meta property=\"og:description\" content=\"Journ\u00e9es Suisses de la statistique 2025 Les Journ\u00e9es Suisses de la Statistique (JSS)\u00a0sont la plus importante rencontre annuelle des statisticiennes [\u2026]\" \/>\n<meta property=\"og:url\" content=\"https:\/\/swissdatacommunity.ch\/fr\/tous-evenements\/journees-suisses-de-la-statistique-2025\/\" \/>\n<meta property=\"og:site_name\" content=\"swissdatacommunity.ch\" \/>\n<meta property=\"article:modified_time\" content=\"2025-08-25T08:24:44+00:00\" \/>\n<meta property=\"og:image\" content=\"https:\/\/swissdatacommunity.ch\/wp-content\/uploads\/2025\/04\/GE_jet-d-eau_copyright.jpg\" \/>\n\t<meta property=\"og:image:width\" content=\"1296\" \/>\n\t<meta property=\"og:image:height\" content=\"867\" \/>\n\t<meta property=\"og:image:type\" content=\"image\/jpeg\" \/>\n<meta name=\"twitter:card\" content=\"summary_large_image\" \/>\n<meta name=\"twitter:label1\" content=\"Dur\u00e9e de lecture estim\u00e9e\" \/>\n\t<meta name=\"twitter:data1\" content=\"1 minute\" \/>\n<script type=\"application\/ld+json\" class=\"yoast-schema-graph\">{\"@context\":\"https:\\\/\\\/schema.org\",\"@graph\":[{\"@type\":\"WebPage\",\"@id\":\"https:\\\/\\\/swissdatacommunity.ch\\\/fr\\\/tous-evenements\\\/journees-suisses-de-la-statistique-2025\\\/\",\"url\":\"https:\\\/\\\/swissdatacommunity.ch\\\/fr\\\/tous-evenements\\\/journees-suisses-de-la-statistique-2025\\\/\",\"name\":\"Journ\u00e9es Suisses de la Statistique 2025 - swissdatacommunity.ch\",\"isPartOf\":{\"@id\":\"https:\\\/\\\/swissdatacommunity.ch\\\/fr\\\/#website\"},\"primaryImageOfPage\":{\"@id\":\"https:\\\/\\\/swissdatacommunity.ch\\\/fr\\\/tous-evenements\\\/journees-suisses-de-la-statistique-2025\\\/#primaryimage\"},\"image\":{\"@id\":\"https:\\\/\\\/swissdatacommunity.ch\\\/fr\\\/tous-evenements\\\/journees-suisses-de-la-statistique-2025\\\/#primaryimage\"},\"thumbnailUrl\":\"https:\\\/\\\/swissdatacommunity.ch\\\/wp-content\\\/uploads\\\/2025\\\/04\\\/GE_jet-d-eau_copyright.jpg\",\"datePublished\":\"2025-04-17T13:45:34+00:00\",\"dateModified\":\"2025-08-25T08:24:44+00:00\",\"breadcrumb\":{\"@id\":\"https:\\\/\\\/swissdatacommunity.ch\\\/fr\\\/tous-evenements\\\/journees-suisses-de-la-statistique-2025\\\/#breadcrumb\"},\"inLanguage\":\"fr-FR\",\"potentialAction\":[{\"@type\":\"ReadAction\",\"target\":[\"https:\\\/\\\/swissdatacommunity.ch\\\/fr\\\/tous-evenements\\\/journees-suisses-de-la-statistique-2025\\\/\"]}]},{\"@type\":\"ImageObject\",\"inLanguage\":\"fr-FR\",\"@id\":\"https:\\\/\\\/swissdatacommunity.ch\\\/fr\\\/tous-evenements\\\/journees-suisses-de-la-statistique-2025\\\/#primaryimage\",\"url\":\"https:\\\/\\\/swissdatacommunity.ch\\\/wp-content\\\/uploads\\\/2025\\\/04\\\/GE_jet-d-eau_copyright.jpg\",\"contentUrl\":\"https:\\\/\\\/swissdatacommunity.ch\\\/wp-content\\\/uploads\\\/2025\\\/04\\\/GE_jet-d-eau_copyright.jpg\",\"width\":1296,\"height\":867},{\"@type\":\"BreadcrumbList\",\"@id\":\"https:\\\/\\\/swissdatacommunity.ch\\\/fr\\\/tous-evenements\\\/journees-suisses-de-la-statistique-2025\\\/#breadcrumb\",\"itemListElement\":[{\"@type\":\"ListItem\",\"position\":1,\"name\":\"Home\",\"item\":\"https:\\\/\\\/swissdatacommunity.ch\\\/fr\\\/\"},{\"@type\":\"ListItem\",\"position\":2,\"name\":\"Journ\u00e9es Suisses de la Statistique 2025\"}]},{\"@type\":\"WebSite\",\"@id\":\"https:\\\/\\\/swissdatacommunity.ch\\\/fr\\\/#website\",\"url\":\"https:\\\/\\\/swissdatacommunity.ch\\\/fr\\\/\",\"name\":\"swissdatacommUNITY\",\"description\":\"\",\"potentialAction\":[{\"@type\":\"SearchAction\",\"target\":{\"@type\":\"EntryPoint\",\"urlTemplate\":\"https:\\\/\\\/swissdatacommunity.ch\\\/fr\\\/?s={search_term_string}\"},\"query-input\":{\"@type\":\"PropertyValueSpecification\",\"valueRequired\":true,\"valueName\":\"search_term_string\"}}],\"inLanguage\":\"fr-FR\"}]}<\/script>\n<!-- \/ Yoast SEO plugin. -->","yoast_head_json":{"title":"Journ\u00e9es Suisses de la Statistique 2025 - swissdatacommunity.ch","robots":{"index":"index","follow":"follow","max-snippet":"max-snippet:-1","max-image-preview":"max-image-preview:large","max-video-preview":"max-video-preview:-1"},"canonical":"https:\/\/swissdatacommunity.ch\/fr\/tous-evenements\/journees-suisses-de-la-statistique-2025\/","og_locale":"fr_FR","og_type":"article","og_title":"Journ\u00e9es Suisses de la Statistique 2025 - swissdatacommunity.ch","og_description":"Journ\u00e9es Suisses de la statistique 2025 Les Journ\u00e9es Suisses de la Statistique (JSS)\u00a0sont la plus importante rencontre annuelle des statisticiennes [\u2026]","og_url":"https:\/\/swissdatacommunity.ch\/fr\/tous-evenements\/journees-suisses-de-la-statistique-2025\/","og_site_name":"swissdatacommunity.ch","article_modified_time":"2025-08-25T08:24:44+00:00","og_image":[{"width":1296,"height":867,"url":"https:\/\/swissdatacommunity.ch\/wp-content\/uploads\/2025\/04\/GE_jet-d-eau_copyright.jpg","type":"image\/jpeg"}],"twitter_card":"summary_large_image","twitter_misc":{"Dur\u00e9e de lecture estim\u00e9e":"1 minute"},"schema":{"@context":"https:\/\/schema.org","@graph":[{"@type":"WebPage","@id":"https:\/\/swissdatacommunity.ch\/fr\/tous-evenements\/journees-suisses-de-la-statistique-2025\/","url":"https:\/\/swissdatacommunity.ch\/fr\/tous-evenements\/journees-suisses-de-la-statistique-2025\/","name":"Journ\u00e9es Suisses de la Statistique 2025 - swissdatacommunity.ch","isPartOf":{"@id":"https:\/\/swissdatacommunity.ch\/fr\/#website"},"primaryImageOfPage":{"@id":"https:\/\/swissdatacommunity.ch\/fr\/tous-evenements\/journees-suisses-de-la-statistique-2025\/#primaryimage"},"image":{"@id":"https:\/\/swissdatacommunity.ch\/fr\/tous-evenements\/journees-suisses-de-la-statistique-2025\/#primaryimage"},"thumbnailUrl":"https:\/\/swissdatacommunity.ch\/wp-content\/uploads\/2025\/04\/GE_jet-d-eau_copyright.jpg","datePublished":"2025-04-17T13:45:34+00:00","dateModified":"2025-08-25T08:24:44+00:00","breadcrumb":{"@id":"https:\/\/swissdatacommunity.ch\/fr\/tous-evenements\/journees-suisses-de-la-statistique-2025\/#breadcrumb"},"inLanguage":"fr-FR","potentialAction":[{"@type":"ReadAction","target":["https:\/\/swissdatacommunity.ch\/fr\/tous-evenements\/journees-suisses-de-la-statistique-2025\/"]}]},{"@type":"ImageObject","inLanguage":"fr-FR","@id":"https:\/\/swissdatacommunity.ch\/fr\/tous-evenements\/journees-suisses-de-la-statistique-2025\/#primaryimage","url":"https:\/\/swissdatacommunity.ch\/wp-content\/uploads\/2025\/04\/GE_jet-d-eau_copyright.jpg","contentUrl":"https:\/\/swissdatacommunity.ch\/wp-content\/uploads\/2025\/04\/GE_jet-d-eau_copyright.jpg","width":1296,"height":867},{"@type":"BreadcrumbList","@id":"https:\/\/swissdatacommunity.ch\/fr\/tous-evenements\/journees-suisses-de-la-statistique-2025\/#breadcrumb","itemListElement":[{"@type":"ListItem","position":1,"name":"Home","item":"https:\/\/swissdatacommunity.ch\/fr\/"},{"@type":"ListItem","position":2,"name":"Journ\u00e9es Suisses de la Statistique 2025"}]},{"@type":"WebSite","@id":"https:\/\/swissdatacommunity.ch\/fr\/#website","url":"https:\/\/swissdatacommunity.ch\/fr\/","name":"swissdatacommUNITY","description":"","potentialAction":[{"@type":"SearchAction","target":{"@type":"EntryPoint","urlTemplate":"https:\/\/swissdatacommunity.ch\/fr\/?s={search_term_string}"},"query-input":{"@type":"PropertyValueSpecification","valueRequired":true,"valueName":"search_term_string"}}],"inLanguage":"fr-FR"}]}},"_links":{"self":[{"href":"https:\/\/swissdatacommunity.ch\/fr\/wp-json\/wp\/v2\/mec-events\/1038","targetHints":{"allow":["GET"]}}],"collection":[{"href":"https:\/\/swissdatacommunity.ch\/fr\/wp-json\/wp\/v2\/mec-events"}],"about":[{"href":"https:\/\/swissdatacommunity.ch\/fr\/wp-json\/wp\/v2\/types\/mec-events"}],"author":[{"embeddable":true,"href":"https:\/\/swissdatacommunity.ch\/fr\/wp-json\/wp\/v2\/users\/2"}],"replies":[{"embeddable":true,"href":"https:\/\/swissdatacommunity.ch\/fr\/wp-json\/wp\/v2\/comments?post=1038"}],"wp:featuredmedia":[{"embeddable":true,"href":"https:\/\/swissdatacommunity.ch\/fr\/wp-json\/wp\/v2\/media\/1037"}],"wp:attachment":[{"href":"https:\/\/swissdatacommunity.ch\/fr\/wp-json\/wp\/v2\/media?parent=1038"}],"wp:term":[{"taxonomy":"post_tag","embeddable":true,"href":"https:\/\/swissdatacommunity.ch\/fr\/wp-json\/wp\/v2\/tags?post=1038"},{"taxonomy":"mec_category","embeddable":true,"href":"https:\/\/swissdatacommunity.ch\/fr\/wp-json\/wp\/v2\/mec_category?post=1038"}],"curies":[{"name":"wp","href":"https:\/\/api.w.org\/{rel}","templated":true}]}}

Journées Suisses de la Statistique 2025

<p><strong>Journées Suisses de la statistique 2025</strong></p>
<p><a href="https://stat.ch/fr/uuid/i/1668655c-aa0f-5b07-a147-049eeea56613-Journ%C3%A9es_Suisses_de_la_statistique_2024">Les Journées Suisses de la Statistique (JSS)</a> sont la plus importante rencontre annuelle des statisticiennes et statisticiens en Suisse. Elles servent de lieu d’échange et de réseautage et permettent de discuter des développements issus de la recherche, des questions méthodologiques et des problèmes actuels de la pratique. Destinées aux spécialistes dans les domaines de l’enseignement et la recherche, dans l’économie privée et dans le secteur public, elles sont également ouvertes à tous. Les JSS ont lieu chaque année et s’étendent en règle générale sur deux ou trois jours, en alternance.</p>
<p>L’<a href="https://stat.ch/fr/swiss_statistics_meeting/schweizer_statistiktage">inscription</a> aux Journées suisse de la statistique 2025 est ouverte jusqu’au <strong>15 septembre 2025</strong>.</p>
<div class="share-simple-wrapper share_item"><span class="share-label">Partager</span><div class="icons"><a target="_blank" class="facebook" href="https://www.facebook.com/sharer/sharer.php?u=https%3A%2F%2Fswissdatacommunity.ch%2Ffr%2Ftous-evenements%2Fjournees-suisses-de-la-statistique-2025%2F"><i class="icon-facebook" aria-label="facebook icon"></i></a><a target="_blank" class="twitter" href="https://twitter.com/intent/tweet?text=swissdatacommunity.ch.+https%3A%2F%2Fswissdatacommunity.ch%2Ffr%2Ftous-evenements%2Fjournees-suisses-de-la-statistique-2025%2F"><i class="icon-x-twitter" aria-label="x twitter icon"></i></a><a target="_blank" class="linkedin" href="https://www.linkedin.com/shareArticle?mini=true&url=https%3A%2F%2Fswissdatacommunity.ch%2Ffr%2Ftous-evenements%2Fjournees-suisses-de-la-statistique-2025%2F"><i class="icon-linkedin" aria-label="linkedin icon"></i></a><a target="_blank" class="pinterest" href="https://pinterest.com/pin/find/?url=https%3A%2F%2Fswissdatacommunity.ch%2Ffr%2Ftous-evenements%2Fjournees-suisses-de-la-statistique-2025%2F"><i class="icon-pinterest" aria-label="pinterest icon"></i></a></div></div>

<p>Journées Suisses de la statistique 2025 Les Journées Suisses de la Statistique (JSS) sont la plus importante rencontre annuelle des statisticiennes<span class="excerpt-hellip"> […]</span></p>

<!-- This site is optimized with the Yoast SEO plugin v27.5 - https://yoast.com/product/yoast-seo-wordpress/ -->
<title>Journées Suisses de la Statistique 2025 - swissdatacommunity.ch</title>
<meta name="robots" content="index, follow, max-snippet:-1, max-image-preview:large, max-video-preview:-1" />
<link rel="canonical" href="https://swissdatacommunity.ch/fr/tous-evenements/journees-suisses-de-la-statistique-2025/" />
<meta property="og:locale" content="fr_FR" />
<meta property="og:type" content="article" />
<meta property="og:title" content="Journées Suisses de la Statistique 2025 - swissdatacommunity.ch" />
<meta property="og:description" content="Journées Suisses de la statistique 2025 Les Journées Suisses de la Statistique (JSS) sont la plus importante rencontre annuelle des statisticiennes […]" />
<meta property="og:url" content="https://swissdatacommunity.ch/fr/tous-evenements/journees-suisses-de-la-statistique-2025/" />
<meta property="og:site_name" content="swissdatacommunity.ch" />
<meta property="article:modified_time" content="2025-08-25T08:24:44+00:00" />
<meta property="og:image" content="https://swissdatacommunity.ch/wp-content/uploads/2025/04/GE_jet-d-eau_copyright.jpg" />
	<meta property="og:image:width" content="1296" />
	<meta property="og:image:height" content="867" />
	<meta property="og:image:type" content="image/jpeg" />
<meta name="twitter:card" content="summary_large_image" />
<meta name="twitter:label1" content="Durée de lecture estimée" />
	<meta name="twitter:data1" content="1 minute" />
<script type="application/ld+json" class="yoast-schema-graph">{"@context":"https:\/\/schema.org","@graph":[{"@type":"WebPage","@id":"https:\/\/swissdatacommunity.ch\/fr\/tous-evenements\/journees-suisses-de-la-statistique-2025\/","url":"https:\/\/swissdatacommunity.ch\/fr\/tous-evenements\/journees-suisses-de-la-statistique-2025\/","name":"Journées Suisses de la Statistique 2025 - swissdatacommunity.ch","isPartOf":{"@id":"https:\/\/swissdatacommunity.ch\/fr\/#website"},"primaryImageOfPage":{"@id":"https:\/\/swissdatacommunity.ch\/fr\/tous-evenements\/journees-suisses-de-la-statistique-2025\/#primaryimage"},"image":{"@id":"https:\/\/swissdatacommunity.ch\/fr\/tous-evenements\/journees-suisses-de-la-statistique-2025\/#primaryimage"},"thumbnailUrl":"https:\/\/swissdatacommunity.ch\/wp-content\/uploads\/2025\/04\/GE_jet-d-eau_copyright.jpg","datePublished":"2025-04-17T13:45:34+00:00","dateModified":"2025-08-25T08:24:44+00:00","breadcrumb":{"@id":"https:\/\/swissdatacommunity.ch\/fr\/tous-evenements\/journees-suisses-de-la-statistique-2025\/#breadcrumb"},"inLanguage":"fr-FR","potentialAction":[{"@type":"ReadAction","target":["https:\/\/swissdatacommunity.ch\/fr\/tous-evenements\/journees-suisses-de-la-statistique-2025\/"]}]},{"@type":"ImageObject","inLanguage":"fr-FR","@id":"https:\/\/swissdatacommunity.ch\/fr\/tous-evenements\/journees-suisses-de-la-statistique-2025\/#primaryimage","url":"https:\/\/swissdatacommunity.ch\/wp-content\/uploads\/2025\/04\/GE_jet-d-eau_copyright.jpg","contentUrl":"https:\/\/swissdatacommunity.ch\/wp-content\/uploads\/2025\/04\/GE_jet-d-eau_copyright.jpg","width":1296,"height":867},{"@type":"BreadcrumbList","@id":"https:\/\/swissdatacommunity.ch\/fr\/tous-evenements\/journees-suisses-de-la-statistique-2025\/#breadcrumb","itemListElement":[{"@type":"ListItem","position":1,"name":"Home","item":"https:\/\/swissdatacommunity.ch\/fr\/"},{"@type":"ListItem","position":2,"name":"Journées Suisses de la Statistique 2025"}]},{"@type":"WebSite","@id":"https:\/\/swissdatacommunity.ch\/fr\/#website","url":"https:\/\/swissdatacommunity.ch\/fr\/","name":"swissdatacommUNITY","description":"","potentialAction":[{"@type":"SearchAction","target":{"@type":"EntryPoint","urlTemplate":"https:\/\/swissdatacommunity.ch\/fr\/?s={search_term_string}"},"query-input":{"@type":"PropertyValueSpecification","valueRequired":true,"valueName":"search_term_string"}}],"inLanguage":"fr-FR"}]}</script>
<!-- / Yoast SEO plugin. -->

Journées Suisses de la Statistique 2025 - swissdatacommunity.ch

Journées Suisses de la statistique 2025 Les Journées Suisses de la Statistique (JSS) sont la plus importante rencontre annuelle des statisticiennes […]
